{"id":2399,"date":"2025-06-26T18:32:45","date_gmt":"2025-06-26T16:32:45","guid":{"rendered":"https:\/\/ladelicerie.com\/?post_type=product&#038;p=2399"},"modified":"2025-06-26T18:33:49","modified_gmt":"2025-06-26T16:33:49","slug":"green-veggie-espinaca-platano-mango-pina","status":"publish","type":"product","link":"https:\/\/ladelicerie.com\/index.php\/producto\/green-veggie-espinaca-platano-mango-pina","title":{"rendered":"GREEN VEGGIE: espinaca &#8211; pl\u00e1tano &#8211; mango &#8211; pi\u00f1a"},"content":{"rendered":"","protected":false},"excerpt":{"rendered":"<p>33 cl de salud elaborados al momento con frutas y verduras naturales.<br \/>\nEsta combinaci\u00f3n de frutas y verduras posee propiedades diur\u00e9ticas y antioxidantes,  es rica en \u00e1cido f\u00f3lico y vitaminas B9 y K.<br \/>\nSe sirve en un envase de pl\u00e1stico con una pajita enfundada.<\/p>\n","protected":false},"featured_media":2400,"template":"","meta":[],"product_brand":[],"product_cat":[261],"product_tag":[],"class_list":{"0":"post-2399","1":"product","2":"type-product","3":"status-publish","4":"has-post-thumbnail","6":"product_cat-smoothies","8":"first","9":"instock","10":"taxable","11":"shipping-taxable","12":"purchasable","13":"product-type-simple"},"_links":{"self":[{"href":"https:\/\/ladelicerie.com\/index.php\/wp-json\/wp\/v2\/product\/2399","targetHints":{"allow":["GET"]}}],"collection":[{"href":"https:\/\/ladelicerie.com\/index.php\/wp-json\/wp\/v2\/product"}],"about":[{"href":"https:\/\/ladelicerie.com\/index.php\/wp-json\/wp\/v2\/types\/product"}],"wp:featuredmedia":[{"embeddable":true,"href":"https:\/\/ladelicerie.com\/index.php\/wp-json\/wp\/v2\/media\/2400"}],"wp:attachment":[{"href":"https:\/\/ladelicerie.com\/index.php\/wp-json\/wp\/v2\/media?parent=2399"}],"wp:term":[{"taxonomy":"product_brand","embeddable":true,"href":"https:\/\/ladelicerie.com\/index.php\/wp-json\/wp\/v2\/product_brand?post=2399"},{"taxonomy":"product_cat","embeddable":true,"href":"https:\/\/ladelicerie.com\/index.php\/wp-json\/wp\/v2\/product_cat?post=2399"},{"taxonomy":"product_tag","embeddable":true,"href":"https:\/\/ladelicerie.com\/index.php\/wp-json\/wp\/v2\/product_tag?post=2399"}],"curies":[{"name":"wp","href":"https:\/\/api.w.org\/{rel}","templated":true}]}}